sor of 2520345 and 195?
15
What is the greatest common factor of 5394343 and 362?
181
Calculate the greatest common divisor of 1024 and 741888.
512
Calculate the highest common divisor of 72664 and 31432.
8
Calculate the highest common factor of 126 and 787692.
6
What is the greatest common divisor of 66507 and 3075157?
3167
Calculate the highest common divisor of 10069598 and 24794.
1078
Calculate the highest common factor of 5475534 and 7353.
2451
Calculate the highest common divisor of 57376620 and 11137.
301
Calculate the highest common divisor of 19656 and 6490152.
216
Calculate the greatest common divisor of 29024015 and 85.
85
Calculate the greatest common divisor of 259 and 10697743.
7
What is the greatest common divisor of 232804 and 3221812?
1628
What is the greatest common factor of 4196676 and 396?
132
Calculate the highest common factor of 2178 and 451839762.
198
What is the highest common factor of 4024 and 74763908?
2012
What is the highest common divisor of 11534899 and 82?
41
What is the highest common factor of 22173988 and 304?
76
Calculate the highest common factor of 169582764 and 36.
12
What is the highest common factor of 6463605 and 6945?
15
Calculate the highest common factor of 210547 and 122537.
677
What is the greatest common factor of 198023 and 2485?
7
What is the greatest common factor of 1667500 and 293500?
500
Calculate the highest common factor of 13446 and 545049.
81
What is the greatest common factor of 4209 and 256013?
23
Calculate the greatest common divisor of 72 and 1024464.
24
What is the highest common divisor of 59785 and 94?
1
What is the highest common factor of 259091436 and 48?
12
What is the greatest common divisor of 93726 and 306270?
738
What is the greatest common factor of 584 and 41560?
8
What is the highest common divisor of 90095962 and 39109?
5587
What is the highest common factor of 459580499 and 14?
7
Calculate the greatest common factor of 220631 and 4073441.
3293
What is the highest common factor of 29512 and 333340?
28
What is the greatest common factor of 15799977 and 63?
9
Calculate the greatest common factor of 68 and 10650908.
68
What is the greatest common factor of 35643488 and 96?
32
Calculate the highest common factor of 28516328 and 40.
8
Calculate the highest common divisor of 233294080 and 6400.
1280
What is the greatest common factor of 15 and 17830236?
3
Calculate the highest common factor of 20483450 and 7865.
65
What is the highest common factor of 3196 and 266255?
47
What is the greatest common divisor of 120 and 106381680?
120
What is the highest common divisor of 413424 and 1363?
29
Calculate the highest common factor of 2960 and 7734850.
370
Calculate the greatest common divisor of 1116 and 60366.
6
Calculate the greatest common factor of 71337432 and 176016.
4632
What is the greatest common factor of 268523597 and 23?
23
What is the highest common factor of 68 and 155508?
4
What is the greatest common divisor of 172129 and 58523?
43
What is the greatest common divisor of 30 and 1046603010?
30
Calculate the highest common factor of 839232 and 101072.
16
What is the greatest common factor of 56715 and 157613970?
2985
Calculate the greatest common factor of 9027447 and 10527.
363
What is the greatest common factor of 10846206 and 252?
126
What is the highest common divisor of 333 and 10937466?
9
What is the highest common divisor of 202844 and 52972?
1292
What is the greatest common divisor of 20 and 8844070?
10
What is the highest common divisor of 6555 and 184114655?
2185
Calculate the highest common factor of 21 and 2344643.
7
What is the highest common factor of 995 and 3513242515?
995
What is the highest common divisor of 5920 and 3762086?
74
Calculate the greatest common divisor of 583827 and 3534.
3
Calculate the greatest common divisor of 95 and 14029315.
95
Calculate the greatest common divisor of 1149312 and 112512.
384
Calculate the greatest common divisor of 365 and 259430.
5
What is the highest common factor of 223378 and 3350?
134
Calculate the highest common factor of 2856472 and 1665163.
3337
Calculate the greatest common factor of 7232 and 30488.
8
What is the greatest common divisor of 87231615 and 6984?
291
Calculate the greatest common factor of 1783621 and 1897.
7
What is the highest common divisor of 4879017 and 13728?
429
Calculate the greatest common factor of 6046508 and 208.
52
Calculate the highest common divisor of 45254 and 2148234.
2662
Calculate the greatest common divisor of 3300938 and 2096.
262
What is the greatest common divisor of 78784 and 14088?
8
What is the highest common divisor of 3025286 and 10098?
374
What is the highest common factor of 449649996 and 12?
12
What is the highest common factor of 1274769 and 99663?
417
Calculate the greatest common factor of 44421 and 93054.
39
Calculate the highest common factor of 19266159 and 23199.
1221
Calculate the highest common factor of 12894175 and 350.
175
Calculate the highest common factor of 21 and 683157027.
21
What is the greatest common factor of 417 and 238114089?
417
Calculate the highest common divisor of 562847 and 24766.
61
Calculate the greatest common divisor of 11014186 and 1520.
38
What is the highest common divisor of 2742 and 14948013?
1371
What is the greatest common factor of 311067 and 6744?
843
Calculate the greatest common factor of 67570 and 382220.
290
What is the greatest common factor of 3590832 and 81522?
42
Calculate the highest common divisor of 48757230 and 95.
95
What is the highest common divisor of 4965 and 47474337?
993
What is the highest common factor of 106166 and 6758?
218
What is the greatest common factor of 3904995 and 17661?
87
What is the greatest common factor of 3328261608 and 112?
56
Calculate the greatest common divisor of 8322 and 1066092.
438
What is the greatest common divisor of 12240 and 9892640?
1360
What is the greatest common factor of 7800 and 1292502900?
3900
What is the greatest common divisor of 3784626 and 4?
2
What is the greatest common divisor of 16171815 and 165?
165
Calculate the highest common divisor of 69264 and 27491.
37
What is the highest common divisor of 24275 and 4321921?
971
Calculate the greatest common divisor of 39183 and 346293.
1059
Calculate the highest common divisor of 8 and 4660984.
8
What is the greatest common factor of 7515915 and 2706?
1353
What is the highest common divisor of 2228368 and 112?
16
What is the highest common factor of 441522 and 32?
2
What is the greatest common divisor of 57 and 810280422?
57
What is the highest common divisor of 2439 and 205878?
3
What is the highest common factor of 258060 and 353947?
253
Calculate the highest common divisor of 94202 and 3078.
38
What is the highest common divisor of 42357400 and 8040?
2680
What is the highest common factor of 1742 and 110144047?
871
What is the highest common factor of 9532496 and 152848?
3728
Calculate the greatest common divisor of 6520 and 36212895.
815
What is the highest common factor of 832986621 and 51?
51
What is the greatest common divisor of 451 and 2098872?
41
Calculate the greatest common divisor of 1673304 and 368349.
1851
What is the highest common factor of 4500170 and 10?
10
What is the greatest common divisor of 150125 and 1060483?
1201
Calculate the highest common factor of 891 and 39397671.
81
What is the greatest common divisor of 35791067 and 3939?
1313
What is the highest common divisor of 888 and 61412859?
111
Calculate the highest common divisor of 574765 and 177920.
695
Calculate the greatest common divisor of 424096 and 4448.
32
What is the highest common divisor of 1052 and 71265899?
263
What is the highest common factor of 8192595 and 105?
15
What is the greatest common divisor of 181952 and 154608026?
5686
What is the highest common divisor of 369 and 15718095?
9
Calculate the highest common factor of 61019 and 1379.
7
Calculate the greatest common factor of 98904506 and 2094.
698
What is the highest common factor of 2730805 and 1155?
385
What is the greatest common factor of 473367 and 44631?
87
Calculate the greatest common divisor of 827809350 and 1740.
870
What is the greatest common divisor of 10824288 and 395552?
1504
Calculate the greatest common divisor of 6838039 and 1586.
793
What i